s 16740599 composite?
False
Is 715265 a composite number?
True
Is 269210801 a prime number?
True
Is 13027871 a prime number?
True
Is 23649913 composite?
True
Is 26226503 composite?
True
Is 5308523 prime?
False
Is 16815631 a composite number?
True
Is 51491831 prime?
True
Is 134691619 a prime number?
True
Is 8119457 composite?
True
Is 215665 composite?
True
Is 15833039 a prime number?
False
Is 907487 a prime number?
False
Is 123078617 composite?
True
Is 7714743 a composite number?
True
Is 28020857 composite?
False
Is 858149 a composite number?
False
Is 24523481 composite?
False
Is 4530667 a composite number?
False
Is 10330361 composite?
False
Is 502471 prime?
False
Is 1157982907 prime?
False
Is 6723242 composite?
True
Is 142878547 a prime number?
False
Is 1311587 a composite number?
True
Is 28394027 a prime number?
True
Is 370257 a composite number?
True
Is 12932779 a composite number?
False
Is 1655438 a composite number?
True
Is 37207303 a composite number?
True
Is 389611 a prime number?
False
Is 2929571 a composite number?
False
Is 48162211 a composite number?
True
Is 42214 a prime number?
False
Is 30912389 prime?
True
Is 17701557 prime?
False
Is 4076951 a prime number?
True
Is 2129161 prime?
True
Is 64830657 a prime number?
False
Is 121228889 prime?
False
Is 3503677 composite?
False
Is 1677961 prime?
True
Is 104542369 a prime number?
False
Is 2839381 composite?
False
Is 42100889 a composite number?
False
Is 9710029 prime?
False
Is 37140047 composite?
True
Is 2623639 composite?
False
Is 423238499 composite?
True
Is 26213581 a composite number?
False
Is 2411023 a composite number?
True
Is 4016791 prime?
True
Is 1219602119 a composite number?
True
Is 584462 composite?
True
Is 13851883 composite?
False
Is 11565689 composite?
False
Is 24985271 prime?
True
Is 125303111 a composite number?
False
Is 242724241 prime?
True
Is 114706117 prime?
True
Is 63555229 composite?
True
Is 118632509 prime?
True
Is 1336309 a composite number?
True
Is 22126967 composite?
False
Is 183366647 prime?
True
Is 4924853 composite?
True
Is 3381793 prime?
False
Is 36857459 prime?
True
Is 17665769 a composite number?
True
Is 149753869 a composite number?
False
Is 45066559 a composite number?
False
Is 14129281 a prime number?
False
Is 820299 a composite number?
True
Is 186036493 a composite number?
False
Is 105499387 composite?
True
Is 110014643 composite?
False
Is 971701 a prime number?
False
Is 337741 a prime number?
True
Is 335949305 a composite number?
True
Is 74019389 a composite number?
True
Is 608880385 prime?
False
Is 1444867 a composite number?
True
Is 12853289 a prime number?
False
Is 150455063 a composite number?
True
Is 469432283 prime?
False
Is 13628501 composite?
True
Is 202703093 a prime number?
True
Is 2323987 a prime number?
True
Is 25180471 prime?
True
Is 143917 a composite number?
True
Is 28887299 prime?
False
Is 261500017 a prime number?
True
Is 1272043 prime?
True
Is 295553 a composite number?
False
Is 52505009 prime?
False
Is 12286579 composite?
False
Is 2396753 prime?
False
Is 30501617 a composite number?
False
Is 10352029 prime?
True
Is 31259131 composite?
False
Is 16810499 a composite number?
False
Is 755999 composite?
True
Is 2637421 a prime number?
False
Is 29103751 prime?
True
Is 427124311 a composite number?
False
Is 40135789 a composite number?
True
Is 110191601 composite?
True
Is 9344189 a prime number?
False
Is 3218051 prime?
False
Is 95390521 a composite number?
False
Is 943991 a prime number?
False
Is 22567903 prime?
False
Is 996979 a composite number?
False
Is 3203623 a prime number?
False
Is 10722109 composite?
False
Is 1945577 prime?
False
Is 92183935 composite?
True
Is 24135157 composite?
False
Is 83187617 a composite number?
False
Is 3485582 prime?
False
Is 6890651 composite?
False
Is 1104569 prime?
False
Is 54554809 a composite number?
True
Is 2325287 prime?
False
Is 32643101 composite?
True
Is 337577671 a prime number?
False
Is 155951501 a prime number?
True
Is 10636583 a composite number?
False
Is 284574109 a prime number?
True
Is 288283 prime?
True
Is 10511609 a composite number?
False
Is 101277601 a composite number?
True
Is 365695051 prime?
False
Is 33708133 a composite number?
True
Is 13532149 a composite number?
True
Is 688091 a composite number?
True
Is 11372611 a prime number?
False
Is 2219869 prime?
True
Is 72504431 a prime number?
True
Is 124835873 prime?
False
Is 7346747 a composite number?
True
Is 226454821 a prime number?
False
Is 118481 prime?
False
Is 8856019 composite?
False
Is 2937233 a prime number?
False
Is 1606063 prime?
False
Is 653625613 a composite number?
True
Is 7003289 a prime number?
True
Is 143782169 prime?
False
Is 10469509 a composite number?
True
Is 1778862461 composite?
False
Is 130519 composite?
True
Is 2838981 a composite number?
True
Is 8731223 a composite number?
True
Is 240169 prime?
True
Is 29691609 prime?
False
Is 580889 a composite number?
False
Is 5604293 a prime number?
False
Is 32250053 a prime number?
False
Is 113255321 prime?
True
Is 1327691 prime?
False
Is 307127 a prime number?
False
Is 1199465 a prime number?
False
Is 52878227 composite?
False
Is 695483 composite?
True
Is 1796381 composite?
True
Is 137879419 a prime number?
False
Is 29101367 prime?
True
Is 969337 composite?
True
Is 20185859 prime?
True
Is 56899 a composite number?
True
Is 1343549 a composite number?
False
Is 18252233 composite?
True
Is 16215991 a composite number?
True
Is 303113 a composite number?
True
Is 10982657 a composite number?
True
Is 5283139 a composite number?
False
Is 36988553 a composite number?
True
Is 353730827 prime?
True
Is 7193051 a prime number?
True
Is 80325013 a prime number?
True
Is 9377419 a composite number?
False
Is 200191279 composite?
False
Is 2161427 prime?
True
Is 4855447 composite?
True
Is 4339217 composite?
False
Is 15858583 a prime number?
False
Is 27677038 a prime number?
False
Is 20961329 a composite number?
False
Is 409801 a composite number?
True
Is 91670389 a composite number?
False
Is 944309 a composite number?
False
Is 36777397 composite?
False
Is 1052377 composite?
True
Is 345144061 a composite number?
True
Is 1664479 a prime number?
False
Is 5168489 a composite number?
True
Is 2144453 composite?
True
Is 194881837 prime?
True
Is 845099 a composite number?
False
Is 6148897 composite?
False
Is 2489639 composite?
False
Is 563401 a composite number?
False
Is 59785807 prime?
False
Is 8556199 prime?
True
Is 2220731 prime?
True
Is 4843441 composite?
False
Is 10043949 a composite number?
True
Is 7244141 a prime number?
True
Is 27229003 composite?
True
Is 232049 a prime number?
True
Is 1045357 composite?
True
Is 16583057 composite?
True
Is 4379471 composite?
True
Is 7875961 composite?
False
Is 156229273 a composite number?
False
Is 74243899 composite?
False
Is 2460373 a prime number?
True
Is 1238327 a prime number?
True
Is 731299 a composite number?
False
Is 21646633 composite?
False
Is 277805989 a prime number?
True
Is 5525294 composite?
True
Is 52884677 prime?
True
Is 9273821 a prime number?
True
Is 7780751 a prime number?
False
Is 22887089 prime?
True
Is 366677 a composite number?
False
Is 761417 a composite number?
False
Is 4863497 composite?
True
Is 10857523 prime?
False
Is 1269529 a composite number?
False
Is 241489643 a composite number?
False
Is 250792757 prime?
True
Is 30263279 a prime number?
False
Is 55156759 a composite number?
True
Is 168187793 a composite number?
False
Is 1707253 prime?
True
Is 1099619 composite?
False
Is 31126181 a composite number?
False
Is 16103221 a composite number?
False
Is 169858805 prime?
False
Is 17971687 a composite number?
True
Is 18031621 a composite number?
True
Is 49724011 composite?
False
Is 2813807 composite?
False
Is 9554477 a prime number?
True
Is 182293347 a composite number?
True
Is 62895739 a composite number?
False
Is 100299707 a prime number?
False
Is 2045311 a prime number?
True
Is 41816239 composite?
False
Is 3709 prime?
True
Is 100114823 prime?
False
Is 5801851 composite?
True
Is 16847459 a prime number?
False
Is 13042157 prime?
True
Is 78959549 composite?
True
Is 416379 prime?
False
Is 28985807 prime?
False
Is 50219921 composite?
True
Is 33843367 a prime number?
True
Is 905629 a prime number?
True
Is 40285621 composite?
False
Is 105